 of 13780173?
False
Is 153492770 a multiple of 5?
True
Is 28859776 a multiple of 3500?
False
Is 10562 a factor of 3622628694?
True
Is 83 a factor of 18035621?
False
Does 3 divide 3521799?
True
Is 104063804 a multiple of 1586?
True
Is 16 a factor of 7291944480?
True
Is 141482161 a multiple of 121?
False
Is 17 a factor of 764884366?
True
Does 792 divide 1345955299?
False
Does 73 divide 823621113?
True
Is 291415100 a multiple of 6?
False
Is 11550136 a multiple of 338?
True
Is 495267481 a multiple of 2309?
False
Is 366122404 a multiple of 11?
False
Is 108 a factor of 23696639?
False
Is 7667 a factor of 1370036629?
False
Does 4668 divide 1244899584?
True
Is 4185 a factor of 267201095?
False
Does 3 divide 5729025?
True
Does 740 divide 568111320?
True
Does 1741 divide 45114533?
True
Is 932 a factor of 1122789432?
False
Is 845 a factor of 1237000570?
True
Is 1000 a factor of 114595556?
False
Is 25440040 a multiple of 1966?
True
Is 5354726 a multiple of 26?
True
Does 16 divide 61883227?
False
Does 404 divide 16877504?
True
Does 12 divide 486196752?
True
Does 572 divide 4092003187?
False
Does 6131 divide 2282810409?
True
Does 56 divide 72070544?
True
Does 361 divide 16661685?
False
Is 23 a factor of 120210356?
False
Is 4 a factor of 192997508?
True
Is 102712078 a multiple of 227?
False
Is 15 a factor of 122974947?
False
Is 650298085 a multiple of 26?
False
Is 244123088 a multiple of 289?
False
Is 453942984 a multiple of 521?
False
Does 551 divide 6803985?
False
Does 52 divide 2243516?
False
Is 576 a factor of 60828608?
False
Is 580 a factor of 115527880?
True
Is 8312612 a multiple of 38?
False
Does 40 divide 83038340?
False
Does 3162 divide 61757682?
False
Is 1899 a factor of 56955588?
False
Does 260 divide 28466100?
True
Is 7193848 a multiple of 9?
False
Does 44 divide 769260377?
False
Is 71843981 a multiple of 259?
False
Is 59952707 a multiple of 5?
False
Is 123 a factor of 27856179?
True
Does 687 divide 439074647?
False
Does 387 divide 199234738?
False
Is 285042780 a multiple of 940?
True
Is 29 a factor of 302091521?
True
Is 61830392 a multiple of 278?
False
Is 1083276761 a multiple of 4383?
False
Does 2914 divide 1766195798?
True
Is 157 a factor of 5031379?
True
Is 59921723 a multiple of 32?
False
Is 2633616978 a multiple of 267?
True
Is 4129 a factor of 202035679?
False
Does 88 divide 143386584?
True
Is 6108 a factor of 626270255?
False
Does 231 divide 11916597?
True
Does 46 divide 3779718938?
True
Does 58 divide 5323182?
True
Does 62 divide 37908226?
True
Is 310999309 a multiple of 17?
True
Is 75171916 a multiple of 389?
True
Is 27104671 a multiple of 70?
False
Is 48 a factor of 52714808?
False
Is 184672513 a multiple of 629?
True
Does 8 divide 396210904?
True
Does 33 divide 32025345?
True
Does 12 divide 624522973?
False
Does 10 divide 475361589?
False
Does 155 divide 856119785?
False
Is 297289250 a multiple of 59?
False
Is 1451660452 a multiple of 12694?
True
Does 23 divide 15211586?
False
Is 155 a factor of 6442557?
False
Is 4163867426 a multiple of 2220?
False
Does 15 divide 138622425?
True
Does 128 divide 32120555?
False
Is 2246164 a multiple of 254?
False
Is 11 a factor of 49795494?
False
Is 5 a factor of 68883942?
False
Does 4312 divide 117898704?
True
Is 146 a factor of 30868845?
False
Does 5999 divide 3195529323?
True
Does 31 divide 171981445?
False
Is 46681371 a multiple of 33?
True
Does 6 divide 554437420?
False
Is 540658716 a multiple of 338?
True
Is 79090703 a multiple of 1145?
False
Does 58 divide 272359028?
False
Is 144648354 a multiple of 10?
False
Does 568 divide 4429832?
True
Is 102011381 a multiple of 886?
False
Is 2 a factor of 2843452?
True
Is 465 a factor of 25183005?
True
Is 1590 a factor of 206064000?
True
Is 1602 a factor of 442113552?
True
Is 109099980 a multiple of 404?
False
Is 246 a factor of 2467566?
False
Is 126 a factor of 40764402?
True
Is 84 a factor of 3014652941?
False
Does 558 divide 6067134?
True
Is 10152 a factor of 578887344?
True
Is 261 a factor of 157999686?
False
Is 10 a factor of 348055193?
False
Does 43 divide 25127687?
False
Does 4 divide 119240404?
True
Does 41 divide 144971269?
False
Is 2785666075 a multiple of 231?
False
Is 32 a factor of 31382464?
True
Does 256 divide 26920898?
False
Is 47647847 a multiple of 620?
False
Does 172 divide 308120191?
False
Is 7 a factor of 620930478?
True
Is 56 a factor of 25101216?
True
Does 441 divide 64563723?
True
Is 1989 a factor of 53500122?
True
Does 9 divide 208779381?
True
Is 211963953 a multiple of 223?
True
Does 115 divide 7899695?
True
Is 42 a factor of 221612767?
False
Is 956133 even?
False
Is 853 a factor of 328069891?
False
Is 1028 a factor of 214928425?
False
Is 27158391 a multiple of 13?
True
Does 974 divide 38976558?
True
Does 34 divide 1098752184?
False
Is 93204083 a multiple of 44?
False
Is 741207990 a multiple of 942?
True
Is 721 a factor of 19747293?
False
Does 3763 divide 647266104?
True
Is 2226955223 a multiple of 62?
False
Is 3229 a factor of 451766161?
True
Does 3438 divide 33996852?
False
Is 36479448 a multiple of 6?
True
Is 222 a factor of 390230297?
False
Is 18304097 a multiple of 1690?
False
Is 66137173 a multiple of 1043?
False
Is 191384721 a multiple of 1466?
False
Does 21 divide 17714130?
True
Is 10 a factor of 52071580?
True
Is 17 a factor of 176928933?
False
Does 17 divide 8147811?
True
Is 307368396 a multiple of 706?
True
Is 524526840 a multiple of 60?
True
Does 669 divide 381944142?
True
Is 349 a factor of 274387234?
False
Does 55 divide 5009895?
True
Is 149 a factor of 1900299363?
True
Is 133559066 a multiple of 17?
False
Does 35 divide 116403840?
True
Does 1858 divide 390969650?
True
Is 63658611 a multiple of 1283?
True
Is 3421 a factor of 62269042?
True
Is 796 a factor of 718122636?
False
Is 119 a factor of 37855462?
False
Is 7 a factor of 179092956?
True
Is 30 a factor of 1695300?
True
Is 22323563 a multiple of 82?
False
Is 4518 a factor of 1548797508?
True
Does 150 divide 351217800?
True
Is 14138470 even?
True
Does 51 divide 10538538?
True
Does 46 divide 124626834?
True
Is 89454139 a multiple of 36?
False
Is 47167155 a multiple of 315?
True
Is 70 a factor of 252606578?
False
Does 15 divide 30990060?
True
Is 7 a factor of 14159378?
False
Is 73760746 a multiple of 101?
False
Is 113 a factor of 1602310385?
False
Is 17578774 a multiple of 278?
True
Is 26 a factor of 49315006?
True
Is 31 a factor of 27855546?
True
Is 6345 a factor of 2325423465?
True
Is 8991511 a multiple of 2?
False
Does 517 divide 2252633286?
False
Does 13 divide 94713043?
False
Is 25021530 a multiple of 30?
True
Does 22 divide 244306766?
True
Does 90 divide 3330520?
False
Does 15 divide 324284715?
True
Is 5315045 a multiple of 2020?
False
Is 282 a factor of 40231248?
True
Does 6813 divide 534091509?
True
Does 45 divide 357188421?
False
Does 271 divide 300305352?
False
Is 8490799 a multiple of 152?
False
Is 2201117754 a multiple of 2234?
True
Does 21 divide 711967733?
False
Is 3033925895 a multiple of 11?
True
Is 34429775 a multiple of 426?
False
Is 23 a factor of 2739326038?
False
Is 328 a factor of 138584920?
True
Is 284249916 a multiple of 46?
True
Does 149 divide 15619295?
False
Is 1321693485 a multiple of 4245?
True
Is 6579846 a multiple of 546?
True
Is 76 a factor of 85038965?
False
Is 77664073 a multiple of 34?
False
Does 1181 divide 95416533?
True
Does 108 divide 172515636?
True
Is 197 a factor of 276893754?
False
Is 243 a factor of 1505886140?
False
Does 1797 divide 494431699?
False
Is 230819328 a multiple of 472?
True
Is 122799033 a multiple of 3287?
True
Does 82 divide 5171900?
False
Is 7 a factor of 280545?
False
Does 26 divide 105903755?
False
Is 2596385142 a multiple of 6502?
True
Is 58 a factor of 1325961142?
True
Is 1526 a factor of 1690376917?
False
Is 511681060 a multiple of 20?
True
Does 70 divide 41334650?
True
Is 465 a factor of 42516917?
False
Is 67 a factor of 2821195068?
False
Is 64969284 a multiple of 114?
True
Is 62808779 a multiple of 10?
False
Is 334445050 a multiple of 310?
True
Is 122593761 a multiple of 9?
True
Is 160225952 a multiple of 17?
True
Is 9 a factor of 33119398?
False
Is 2144176 a multiple of 68?
True
Is 25095555 a multiple of 45?
True
Does 1619 divide 234512150?
True
Is 23054562 a multiple of 18?
True
Is 37376819 a mu